or of 177472?
True
Does 8 divide 72170?
False
Is 1709236 a multiple of 146?
False
Is 125 a factor of 24250?
True
Is 314661 a multiple of 159?
True
Is 176107 a multiple of 5?
False
Is 54 a factor of 27877690?
False
Is 438 a factor of 1557528?
True
Does 6 divide 27168?
True
Is 457476 a multiple of 2?
True
Does 13 divide 3959735?
True
Is 5 a factor of 245117?
False
Is 746195 a multiple of 168?
False
Does 10 divide 339196?
False
Is 2 a factor of 283132?
True
Is 696299 a multiple of 88?
False
Is 1072464 a multiple of 16?
True
Is 36 a factor of 19980?
True
Is 8 a factor of 5697109?
False
Is 148428 a multiple of 18?
True
Is 72 a factor of 407232?
True
Is 15 a factor of 3069962?
False
Is 76 a factor of 564300?
True
Is 566990 a multiple of 166?
False
Is 264496 a multiple of 244?
True
Is 10 a factor of 79160?
True
Is 929 a multiple of 9?
False
Does 187 divide 3550195?
True
Is 31 a factor of 14857432?
True
Does 350 divide 1883815?
False
Does 714 divide 988890?
True
Is 83083 a multiple of 77?
True
Is 99440 a multiple of 44?
True
Is 56063 even?
False
Is 450 a factor of 550175?
False
Is 34 a factor of 130185?
False
Is 297555 a multiple of 120?
False
Is 1797 a factor of 15883683?
True
Is 28 a factor of 198380?
True
Does 23 divide 57385?
True
Is 2869158 a multiple of 64?
False
Is 159 a factor of 9002176?
False
Is 1057291 a multiple of 15?
False
Is 87116 a multiple of 5?
False
Is 38070 a multiple of 94?
True
Is 1232855 a multiple of 396?
False
Does 8 divide 12367464?
True
Is 621 a factor of 440047?
False
Does 10 divide 141522?
False
Does 8 divide 1757888?
True
Does 37 divide 873900?
False
Is 51 a factor of 930444?
True
Does 66 divide 1211836?
False
Is 4390344 a multiple of 281?
True
Does 56 divide 75914?
False
Does 3 divide 31650?
True
Does 1185 divide 6199920?
True
Is 4 a factor of 52785?
False
Does 108 divide 26460?
True
Does 6 divide 578592?
True
Is 24273640 a multiple of 779?
True
Is 117218 a multiple of 86?
True
Does 82 divide 311871?
False
Does 23 divide 178871?
True
Is 176 a factor of 153504?
False
Is 6 a factor of 132406?
False
Is 727 a factor of 5064704?
False
Does 2203 divide 8582888?
True
Is 23 a factor of 137662?
False
Is 267 a factor of 178089?
True
Is 22 a factor of 175370?
False
Is 3181088 a multiple of 96?
False
Is 44 a factor of 1946056?
False
Is 57 a factor of 1515978?
False
Is 26 a factor of 307164?
True
Does 22 divide 297372?
False
Is 306 a factor of 161568?
True
Does 216 divide 215784?
True
Is 1140636 a multiple of 55?
False
Is 14 a factor of 1788931?
False
Is 525240 a multiple of 180?
True
Is 1900107 a multiple of 36?
False
Is 37978 a multiple of 34?
True
Is 1407900 a multiple of 25?
True
Is 17704 a multiple of 3?
False
Is 21 a factor of 1100299?
False
Is 31 a factor of 224198?
False
Does 7 divide 27924?
False
Does 184 divide 13332272?
True
Is 142 a factor of 34932?
True
Does 22 divide 455994?
True
Is 309 a factor of 128544?
True
Is 1540718 a multiple of 2?
True
Is 379311 a multiple of 59?
True
Does 42 divide 667800?
True
Is 3092197 a multiple of 444?
False
Is 715266 a multiple of 237?
True
Does 236 divide 254150?
False
Is 30 a factor of 7603410?
True
Is 12 a factor of 21008529?
False
Is 517359 a multiple of 43?
False
Does 8 divide 301896?
True
Is 52 a factor of 4653076?
False
Is 2 a factor of 68378?
True
Is 369203 a multiple of 14?
False
Does 17 divide 310267?
True
Is 4 a factor of 77481?
False
Is 7305452 a multiple of 7?
True
Does 390 divide 18847920?
True
Is 1532 a factor of 2817348?
True
Does 7 divide 314676?
False
Does 5 divide 4713745?
True
Is 27 a factor of 19146523?
False
Does 8 divide 731744?
True
Is 13 a factor of 367015?
False
Does 58 divide 1077265?
False
Does 9 divide 5381859?
False
Is 498432 a multiple of 45?
False
Is 237031 a multiple of 134?
False
Does 364 divide 711623?
False
Is 13 a factor of 175110?
True
Is 17 a factor of 7217877?
True
Is 20 a factor of 84127?
False
Is 24 a factor of 108565?
False
Is 325006 a multiple of 34?
True
Is 615456 a multiple of 96?
True
Does 156 divide 488748?
True
Is 104 a factor of 260728?
True
Does 120 divide 179428?
False
Is 42079 a multiple of 27?
False
Is 3 a factor of 1851?
True
Is 18 a factor of 5727779?
False
Is 24 a factor of 678234?
False
Is 390825 a multiple of 12?
False
Does 24 divide 4396056?
True
Is 6167245 a multiple of 17?
False
Is 33 a factor of 13035?
True
Does 411 divide 1742832?
False
Is 302 a factor of 8100907?
False
Is 136747 a multiple of 50?
False
Is 60262 a multiple of 99?
False
Is 15786 a multiple of 9?
True
Is 58743 a multiple of 15?
False
Is 45412 a multiple of 281?
False
Does 175 divide 5583?
False
Is 536 a factor of 916560?
True
Is 381825 a multiple of 45?
True
Does 12 divide 3817019?
False
Is 21071663 a multiple of 27?
False
Is 72252 a multiple of 54?
True
Does 175 divide 5352375?
True
Is 5 a factor of 9838?
False
Is 106 a factor of 2091388?
False
Is 953194 a multiple of 22?
True
Is 161915 a multiple of 65?
True
Does 96 divide 4629751?
False
Does 23 divide 4339088?
True
Is 105 a factor of 2445088?
False
Does 863 divide 7910040?
False
Does 15 divide 268124?
False
Is 73 a factor of 142961?
False
Does 1301 divide 3245544?
False
Does 21 divide 154224?
True
Does 69 divide 491834?
False
Is 2690637 a multiple of 736?
False
Does 72 divide 10224?
True
Is 747123 a multiple of 39?
True
Is 928651 a multiple of 151?
False
Does 313 divide 2940380?
False
Is 187749 a multiple of 64?
False
Is 2259 a multiple of 9?
True
Is 21 a factor of 614763?
False
Is 70 a factor of 194267?
False
Is 5 a factor of 7061836?
False
Is 140790 a multiple of 57?
True
Does 20 divide 782851?
False
Is 51 a factor of 2882373?
False
Is 102 a factor of 39882?
True
Is 523 a factor of 183573?
True
Is 721 a factor of 5129194?
True
Is 5 a factor of 631870?
True
Is 21 a factor of 66864?
True
Does 32 divide 1773474?
False
Does 14 divide 14742126?
True
Is 17 a factor of 9157016?
True
Does 407 divide 1809115?
True
Does 62 divide 461250?
False
Is 25 a factor of 40644?
False
Does 130 divide 333363?
False
Is 713 a factor of 886259?
True
Is 3682014 a multiple of 80?
False
Is 9 a factor of 866484?
True
Is 17311536 a multiple of 27?
True
Is 11988 a multiple of 9?
True
Is 1243 a factor of 4737577?
False
Does 121 divide 851458?
False
Is 173 a factor of 998596?
False
Is 45 a factor of 981495?
True
Is 87345 a multiple of 8?
False
Is 230265 a multiple of 15?
True
Is 1763580 a multiple of 176?
False
Is 96723 a multiple of 33?
True
Is 12 a factor of 1577404?
False
Is 2791304 a multiple of 368?
False
Is 29635512 a multiple of 15?
False
Is 6526204 a multiple of 310?
False
Is 62 a factor of 84668?
False
Does 200 divide 1665200?
True
Is 8087472 a multiple of 144?
True
Is 431 a factor of 8850298?
False
Does 7 divide 458759?
True
Does 9 divide 113780?
False
Does 314 divide 1380658?
True
Does 224 divide 939904?
True
Does 18 divide 123804?
True
Is 17 a factor of 489719?
True
Does 35 divide 313763?
False
Is 5 a factor of 6550?
True
Is 1552070 a multiple of 43?
False
Is 15500325 a multiple of 699?
True
Is 14250 a multiple of 38?
True
Is 185 a factor of 170584?
False
Does 11 divide 153329?
True
Does 84 divide 290640?
True
Is 42 a factor of 39984?
True
Is 1039872 a multiple of 384?
True
Is 659693 a multiple of 13?
False
Is 281878 a multiple of 14?
False
Does 33 divide 863643?
True
Is 3655792 a multiple of 28?
True
Does 11 divide 71804?
False
Is 80862 a multiple of 5?
False
Is 238390 a multiple of 10?
True
Does 190 divide 466185?
False
Does 11 divide 565981?
False
Is 5 a factor of 287170?
True
Is 229980 a multiple of 10?
True
Does 3 divide 375546?
True
Does 5 divide 3884270?
True
Is 285410 a multiple of 122?
False
Does 22 divide 144892?
True
Does 1747 divide 2181533?
False
Is 360812 a multiple of 2?
True
Is 30036 a multiple of 236?
False
Is 1108767 a multiple of 614?
False
Is 1176414 a multiple of 174?
True
Does 8 divide 128704?
True
Is 104 a factor of 369551?
False
Is 346 a factor of 403366?
False
Is 9 a factor of 20284056?
True
Is 1880670 a multiple of 902?
True
Is 1186570 a multiple of 23?
True
Does 74 divide 40291?
False
Does 7 divide 1335460?
True
Is 4 a factor of 9694287?
False
Is 15390 a multiple of 342?
True
Does 20 divide 511904?
False
Is 7 a factor of 20076?
True
Is 12 a factor of 31980?
True
Does 17 divide 212366?
False
Does